Calculate the highest common factor of 6090 and 921200.
70
What is the greatest common divisor of 46320 and 69072?
48
Calculate the highest common factor of 2624790 and 10752.
42
What is the greatest common divisor of 903637096 and 65480?
13096
Calculate the greatest common factor of 447 and 124091819.
149
What is the highest common factor of 11101654 and 3182?
86
What is the greatest common divisor of 3570 and 3436482?
714
What is the highest common factor of 6245 and 292783086?
1249
Calculate the greatest common factor of 168 and 1312611510.
42
What is the highest common divisor of 4751084 and 104?
52
Calculate the highest common factor of 1410788 and 17689.
361
Calculate the highest common factor of 13272 and 7044.
12
What is the greatest common factor of 119 and 84172661?
17
What is the highest common divisor of 127886 and 7678?
22
Calculate the highest common divisor of 25744544 and 185288.
3496
What is the highest common factor of 1522191 and 9801891?
6369
Calculate the highest common divisor of 1815047 and 4251.
13
What is the highest common divisor of 56 and 46571644?
28
Calculate the greatest common divisor of 4215 and 6763389.
843
What is the highest common factor of 4512 and 502644?
12
Calculate the highest common factor of 4424 and 7101784.
632
What is the highest common factor of 343 and 1824158?
7
What is the greatest common divisor of 379743869 and 23?
23
What is the highest common factor of 477108892 and 156?
52
What is the greatest common divisor of 1729 and 13311077?
247
What is the highest common factor of 6949146 and 186?
186
Calculate the highest common divisor of 25259 and 722930.
871
What is the greatest common divisor of 5332256 and 7116?
2372
Calculate the highest common divisor of 8760 and 30615.
15
Calculate the greatest common factor of 254760 and 3048.
24
Calculate the greatest common factor of 22945 and 2426875.
1765
Calculate the highest common divisor of 749 and 1547042.
7
Calculate the greatest common divisor of 149 and 2922061946.
149
Calculate the highest common factor of 378 and 1078306992.
378
What is the highest common divisor of 29135694 and 90?
6
Calculate the greatest common divisor of 612 and 28837440.
612
What is the greatest common divisor of 21257 and 5684?
29
What is the highest common divisor of 26466497 and 427?
61
What is the highest common divisor of 118172 and 6846352?
3812
What is the greatest common divisor of 134261 and 75547?
31
Calculate the greatest common factor of 7106 and 1402.
2
Calculate the highest common divisor of 160396080 and 85512.
12216
What is the greatest common divisor of 3265 and 52180?
5
What is the highest common divisor of 7785 and 784755?
45
Calculate the highest common factor of 1708 and 813862.
854
What is the greatest common divisor of 1112 and 1257394?
278
Calculate the greatest common divisor of 1993893 and 9591.
69
Calculate the highest common factor of 11690810 and 50.
10
Calculate the highest common factor of 84749885 and 605.
55
Calculate the greatest common factor of 68 and 35810942.
34
What is the greatest common factor of 49737523 and 161?
23
Calculate the greatest common factor of 181 and 53382149.
181
What is the greatest common factor of 2128 and 3580816?
304
What is the highest common divisor of 7265496 and 234584?
3304
What is the greatest common factor of 400 and 34911120?
80
What is the greatest common factor of 319 and 3061762?
319
Calculate the highest common factor of 10367192 and 440.
88
What is the greatest common factor of 4483298 and 368?
46
What is the highest common factor of 68248 and 1064?
152
What is the greatest common divisor of 51 and 1487454304?
17
Calculate the highest common factor of 22011656 and 8.
8
Calculate the highest common divisor of 171981 and 171.
9
What is the greatest common divisor of 23 and 23696808?
23
Calculate the highest common factor of 708 and 4112300.
236
Calculate the greatest common divisor of 246373 and 14136.
19
What is the greatest common divisor of 549373 and 704?
11
What is the greatest common divisor of 12492 and 619884?
36
Calculate the highest common divisor of 1424940 and 741680.
2540
Calculate the greatest common divisor of 648 and 290281176.
72
Calculate the highest common factor of 1050 and 80927400.
150
What is the highest common divisor of 67158 and 5109?
39
Calculate the greatest common factor of 1033590 and 319545.
3945
Calculate the highest common factor of 3056 and 36428857.
191
Calculate the greatest common factor of 198986 and 1554.
74
What is the greatest common divisor of 29 and 915564162?
29
What is the greatest common factor of 78446754 and 3186?
1062
What is the highest common divisor of 7090510 and 2730?
70
Calculate the greatest common factor of 191 and 148278457.
191
What is the highest common factor of 7152082 and 402262?
6818
What is the greatest common factor of 180420 and 1751624?
124
Calculate the highest common divisor of 1430947 and 7511.
203
What is the greatest common factor of 461856 and 102816?
1632
What is the highest common divisor of 9714826 and 6380?
638
Calculate the highest common factor of 71 and 511890901.
71
What is the highest common factor of 45 and 9018615?
15
Calculate the greatest common factor of 6681983 and 1463.
77
Calculate the greatest common divisor of 1453443797 and 67.
67
Calculate the highest common divisor of 186473170 and 52.
26
Calculate the highest common factor of 7316 and 52856684.
236
Calculate the highest common divisor of 1513 and 77032793.
89
What is the highest common divisor of 15042348 and 1020?
204
What is the greatest common divisor of 47718 and 8783742?
66
Calculate the greatest common factor of 24 and 3140373.
3
Calculate the highest common divisor of 5340 and 1541035.
445
Calculate the greatest common divisor of 4494 and 1057182.
42
Calculate the highest common factor of 37278 and 1514.
2
What is the greatest common divisor of 7685450 and 17917?
943
What is the greatest common factor of 270 and 101716830?
270
Calculate the highest common factor of 1554 and 11987.
1
What is the highest common divisor of 60 and 1978188?
12
Calculate the greatest common factor of 1508 and 1831180.
52
What is the greatest common factor of 264419 and 13439?
89
Calculate the highest common divisor of 195802 and 18518.
94
Calculate the highest common divisor of 19562325 and 1632.
51
What is the greatest common divisor of 1838054 and 10054?
914
What is the greatest common divisor of 178251 and 12?
3
What is the greatest common factor of 214748 and 1287452?
148
Calculate the highest common divisor of 225568 and 967727.
1007
Calculate the highest common divisor of 654 and 253636569.
327
Calculate the greatest common factor of 22497531 and 21.
21
Calculate the highest common divisor of 6558908 and 1703.
131
Calculate the greatest common divisor of 3648 and 436672.
64
Calculate the greatest common factor of 1555 and 198355.
5
What is the highest common divisor of 152 and 16080669?
19
What is the greatest common factor of 2363 and 2739273?
139
What is the greatest common factor of 330 and 20204745?
165
What is the highest common factor of 7238376 and 846?
846
Calculate the highest common factor of 12949 and 5803967.
563
What is the greatest common divisor of 520390134 and 8244?
4122
What is the highest common factor of 1341 and 221402229?
447
Calculate the greatest common factor of 245 and 40836943.
49
Calculate the highest common divisor of 45264 and 904.
8
What is the greatest common factor of 20978 and 5862734?
1234
Calculate the highest common divisor of 20657479 and 2119.
163
Calculate the greatest common divisor of 2757469 and 17303.
1573
Calculate the greatest common divisor of 152 and 51484680.
152
What is the greatest common divisor of 219184 and 6579776?
2128
Calculate the highest common divisor of 50 and 531014.
2
What is the greatest common divisor of 4706211 and 488?
61
What is the greatest common factor of 168220 and 175984?
2588
What is the greatest common divisor of 50029267 and 5597?
193
Calculate the greatest common factor of 813924 and 279036.
828
What is the highest common divisor of 8717 and 94093?
23
What is the highest common divisor of 103319183 and 604?
151
What is the greatest common divisor of 247567 and 1739?
37
What is the gre